factor of 7 and o?
7
Suppose -2*p - 4*b - 16 = 0, -5*p + 20 = -2*b - 0. Calculate the greatest common divisor of p and 14.
2
Suppose -5*d + 0*u + 21 = 4*u, d - 9 = -2*u. Let y(q) = q + 14. Let j be y(-12). Suppose -j*s + 0*s = -4. What is the highest common divisor of d and s?
1
Let f(s) = -s**2 - 5*s - 3. Let a be f(-4). Let l be 5 - (a + -1)/3. Suppose 0 = -5*c + 186 + 39. What is the highest common factor of c and l?
5
Suppose -3*y = -0*y - 168. Suppose 3*i = 7*i - y. Calculate the greatest common divisor of i and 14.
14
Let d be (-114)/(-22) - (-20)/(-110). Suppose 2*z = d*z - 24. What is the greatest common divisor of 56 and z?
8
Let j be 4*6/4*6/12. What is the highest common divisor of j and 12?
3
Suppose 34 = 3*z - 29. Suppose -2*r + 16 = c, -2*r = -3*c + 2*c - 16. Suppose r - 1 = w. What is the highest common divisor of w and z?
7
Suppose q + 35 = 6*q. Suppose -2*h + q*h - 110 = 0. Suppose -h = -i + 3. What is the greatest common divisor of i and 10?
5
Let r be ((-18)/2)/(-3) - 1. Suppose -t + 5*x + 48 = r*x, 0 = 3*t - 4*x - 154. Let k = -46 + 82. Calculate the highest common factor of k and t.
18
Let d be ((-648)/144)/(2/4 - 1). What is the highest common divisor of d and 45?
9
Let t(g) = -g**2 + 3*g - 1. Let l be t(4). Let i be 5*(162/l)/(-3). What is the greatest common divisor of i and 6?
6
Let c be 39 + 3 + (-3 - 4). What is the greatest common factor of c and 5?
5
Let u(d) = 98*d**2 + d - 1. Let c be u(1). Let y(m) = 2*m - 6. Suppose 0 = -4*j + 56 - 16. Let k be y(j). What is the highest common factor of k and c?
14
Let n be -1 + (65 + -3)/2. Calculate the highest common divisor of 18 and n.
6
Let w = 80 + -14. Suppose -5*z = 3*g - 51, -5*g + z + w = 3*z. Let j be 4/6 - (-10)/3. What is the greatest common factor of j and g?
4
Suppose -25 = -3*a + 38. Let x be (20/(-25))/((-2)/275). Let n = 16 + x. Calculate the greatest common factor of a and n.
21
Let f be -1 + -3 + 2 + 46. Let j = f - 17. Calculate the highest common factor of j and 135.
27
Let l = -7 + 1. Let o = l - -6. Suppose 3*a + o*a - 335 = -5*c, -c - a = -65. Calculate the highest common factor of c and 14.
14
Let g = -110 + 350. Suppose -l + 80 = x, 3*l + 3*x = 2*x + g. Calculate the highest common divisor of l and 10.
10
Let t be 1 + -1 + -3 + 10. Let o(n) = -n**3 + 6*n**2 + 8*n + 2. Let r be o(t). What is the highest common factor of 3 and r?
3
Suppose t - 2*j = 12, 3*t + 3*j - 50 - 31 = 0. Let w = 12 - t. Let g(x) = x**2 + 9*x + 14. Let z be g(w). Calculate the greatest common factor of 8 and z.
8
Suppose -4*x = -1 - 3. Suppose f - x = 80. Calculate the greatest common factor of f and 9.
9
Let i(f) = f**3 - 5*f**2 - 7*f + 9. Let o be i(6). Suppose s = -2*v + 20, v = 6*s - 3*s - 74. Calculate the greatest common factor of s and o.
3
Let q be 3/(48/76)*8. What is the highest common divisor of 304 and q?
38
Let c = -5 - -11. Suppose 0 = -0*m - 2*m + 10, -4*m + 65 = 5*t. What is the greatest common factor of c and t?
3
Let h(a) = 6*a - 14. Let o be h(7). Calculate the greatest common factor of 112 and o.
28
Let u = 20 - -2. Suppose c + 4*d = u, -2*c - 4*d = -7*d. Calculate the greatest common factor of 24 and c.
6
Let j = -4 - 2. Let c be (20/j)/((-5)/180). Let x(g) = -16*g - 1. Let b be x(-1). Calculate the highest common divisor of b and c.
15
Suppose 12 + 14 = o. Let j be 1 + 62 - (-4 + 2). What is the highest common factor of j and o?
13
Let l(y) = -y**2 + 11*y - 16. Let k be l(7). What is the highest common divisor of 156 and k?
12
Suppose -2*k = 4*o - 80, 0 = -k + o - 6*o + 34. Calculate the highest common factor of 22 and k.
22
Suppose -865 = 5*i + 4*b + b, 2*b - 886 = 5*i. Let o = 365 + i. What is the highest common factor of 21 and o?
21
Let z = 204 + -39. Calculate the highest common factor of z and 15.
15
Suppose -31 = -3*h + 35. Suppose 14 = 4*k - 5*r, 5*r - r + 4 = -4*k. Let m be 2/(k/33*2). Calculate the highest common factor of h and m.
11
Suppose 14 = -3*l + 50. Let k be 8/l + (-268)/6. Let h = -25 - k. Calculate the highest common factor of 76 and h.
19
Let i(m) = 3*m**2 + m - 3. Let x = 11 - 8. Let b be i(x). Let r(h) = 4*h**3 - h**2 + h - 1. Let j be r(1). Calculate the greatest common factor of j and b.
3
Let l = -6 + 13. Suppose 3*b - 86 = -2*d, l*d - 2*d + 10 = 0. Let u = b - 12. Calculate the greatest common divisor of 126 and u.
18
Let q(p) = -2*p + 29. Let r be q(14). Calculate the highest common factor of 3 and r.
1
Let r = -63 + 89. Calculate the greatest common divisor of r and 65.
13
Suppose 4*p = -11 + 3. Let c = 2 + p. Suppose c = -0*a - 2*a + 4. Calculate the highest common factor of a and 3.
1
Let w be 0/(3/((-9)/3)). Let k = w + 16. Calculate the highest common factor of k and 176.
16
Let x(v) = v**2 - 6*v - 5. Let z be x(8). Calculate the greatest common divisor of z and 99.
11
Let f be -12 + 14 - (0 + -9). Calculate the greatest common divisor of f and 77.
11
Let u(p) = -p - 11. Let m be u(-14). Suppose 4*g + 19 - m = 2*w, w + 5*g - 43 = 0. Calculate the greatest common factor of w and 9.
9
Let q(u) = -28*u + 1. Let d be q(-1). What is the highest common factor of 87 and d?
29
Let f(p) = 2*p - 4. Let t be 1/(-1 + 8/6). Let m be f(t). Suppose m*o - 120 = -2*o. What is the highest common divisor of o and 75?
15
Suppose 5*t - 1 = 9. Suppose -t*p - 2*p + 40 = 0. What is the greatest common divisor of p and 50?
10
Suppose b = -4*i + 179, i - 6*i - 4*b = -221. What is the highest common factor of i and 9?
9
Suppose 9 = -2*k - 3*h, 3*k + 2*h - 3*h - 14 = 0. Let a be 9/((-1)/(-14)*k). Let t = -14 + a. What is the greatest common factor of t and 14?
14
Suppose -3*k = -20 - 70. Suppose 0 = -2*b + 30 - 4. Suppose b - 313 = -4*z. What is the highest common factor of k and z?
15
Let r = 46 + -41. Suppose -2*i = -98 + 8. What is the highest common divisor of r and i?
5
Suppose 4*o - 7 = v + 23, 0 = o + v - 5. Suppose 5*f - 3 - 3 = -3*n, 5*n = -3*f + 26. What is the highest common factor of n and o?
7
Suppose 1031 = 9*i - 751. Let g be (-1)/(-2)*-2 - -19. Calculate the highest common factor of i and g.
18
Suppose 8 = 2*x - 0*x. Suppose 110 - 38 = x*h. What is the greatest common factor of 9 and h?
9
Suppose -9 = -a + 4*u, 0*u + 4 = 4*u. Let z = -54 + 106. Calculate the greatest common divisor of z and a.
13
Suppose -123 = -3*r - 2*h - h, 140 = 4*r - 4*h. What is the greatest common divisor of 57 and r?
19
Suppose 0 = -b + 3*x - 3, 0 = 4*b - x + 45. Let d(i) = i**3 + 11*i**2 - 12*i + 4. Let v be d(b). What is the highest common factor of 8 and v?
4
Let l = 112 - 94. What is the greatest common divisor of 162 and l?
18
Let a(b) = -13*b - 13. Let h be a(-3). What is the greatest common divisor of 13 and h?
13
Suppose -8*u = -100 + 4. Let q(k) = k**3 - 5*k**2 + 5*k - 5. Let b be q(4). Let c be (b*2)/(-2) - -3. Calculate the greatest common factor of c and u.
4
Let u(t) = t**2 - 2*t + 10. Let a be u(0). What is the highest common factor of a and 80?
10
Let f be (0 - (-2 + -2)) + 0. Let g(b) = -b + 5. Let z be g(f). Let r = -8 + 12. Calculate the highest common factor of z and r.
1
Suppose 20 = 4*c + 2*w, 2*c - 18 - 4 = -4*w. Let m = -5 + 8. Calculate the greatest common divisor of m and c.
3
Suppose t = -4*q + 108, 2*q + 5*t - 36 = -0*q. What is the greatest common divisor of 28 and q?
28
Let b be -1 - (0 + -15 + -2). Suppose 8 = 4*g - f, -4*g + 2*f - 7 + 19 = 0. Let u(c) = 8*c. Let y be u(g). Calculate the greatest common factor of b and y.
8
Let i(c) = -c - 6. Let n be i(-8). Suppose n*f - 3*x - 32 = 2*x, 4*f = -5*x + 4. Let m be 1 + 3/6*10. What is the highest common divisor of f and m?
6
Let i(j) = j**2 - 5*j - 4. Let n be i(6). Suppose 0*t = -n*t + 4. Calculate the highest common divisor of 3 and t.
1
Suppose 0 = -5*s + 3*s + 6. Let h = 3 - s. Suppose 0 = 2*f - 4*l - 30, h = -4*f + 3*l - 2*l + 32. What is the greatest common factor of 35 and f?
7
Suppose -7*x = -10*x + 9. Suppose 4*r = -5*q + 233, x*q = r - 19 - 18. What is the greatest common factor of 13 and r?
13
Suppose -9*b + 11*b - 4*m = 74, 211 = 7*b + 2*m. Let v = -35 - -66. Calculate the highest common factor of v and b.
31
Let f be 96/10 - (-4)/10. Calculate the greatest common factor of 20 and f.
10
Let x = 37 - -40. Calculate the greatest common factor of 11 and x.
11
Let t be (-1